remainder when h(g) is divided by q(13)?
7
What is the remainder when 3762/11 + (-9 - -1) is divided by 13?
9
Let g(n) = 177*n**3 + 3*n**2 - 3. Let q be g(1). Suppose -292 = -7*l + q. Calculate the remainder when 264 is divided by l.
63
Suppose 46*f - 131 = -103*f + 146783. Calculate the remainder when f is divided by 111.
98
Suppose -51*v = -41643 - 44700. What is the remainder when v is divided by 73?
14
Suppose 0 = -3*h + 3*u + 24, 18*h - 2*u = 25*h - 11. Calculate the remainder when 247 is divided by h.
1
Let r(m) = 2*m**2 - m - 41. Let g(z) = -z**3 - 2*z**2 + 2*z + 123. Calculate the remainder when g(0) is divided by r(-5).
11
Let z be (-1260)/(-60)*(-2)/(-4)*4. Suppose 520 = z*l - 34*l. What is the remainder when l is divided by 14?
9
Let b be (3/4)/((-1)/8). Let r(k) = -5*k - 24. Let y be r(b). Calculate the remainder when 29 is divided by 3 + (y/(-21) - (-602)/49).
14
Suppose 0 = 137*c + 975 - 10428. Let f(i) = -i**2 - 9*i - 3. Let k be f(-5). Suppose 3*x - 53 = -k. What is the remainder when c is divided by x?
9
Suppose -21*c - 1888 = -18856. Let t = c + -725. What is the remainder when t is divided by 16?
3
Let j(y) = -1686*y - 363. Calculate the remainder when j(-1) is divided by 51.
48
Let f(v) = v**3 - 39*v - 17. Let p be f(8). Suppose 2*o + w - 6*w = 129, 5*w - p = -4*o. What is the remainder when 363 is divided by o?
51
Suppose -4*w + 16 = -0, -w - 2 = -3*h. Let b = 25 + h. Calculate the remainder when 208 is divided by b.
19
Suppose 62*r = 67*r - 2*p - 15497, 2*r + p - 6188 = 0. What is the remainder when r is divided by 771?
13
Suppose 0 = 3*n - 46 - 380. Let x(o) = 10*o**2 - o - 2. What is the remainder when n is divided by x(2)?
34
Suppose -6*p = 54, -2*t + 3*p - 26 + 109 = 0. What is the remainder when 972 is divided by t?
20
Let f = -7 + 10. Suppose d = -2*p - 2, -f*p - 8 + 2 = 0. Let w(h) = 8*h + 5. Calculate the remainder when 81 is divided by w(d).
18
Suppose 30*f - 80*f + 56400 = 0. What is the remainder when f is divided by 14?
8
Let x(z) = -230*z + 1717. What is the remainder when x(0) is divided by 25?
17
Let x = -5322 + 5838. Calculate the remainder when x is divided by 111.
72
What is the remainder when 539 is divided by (3/(-21))/(18/(-17262))?
128
Let l(g) = 2*g**2 - 14*g - 64. Let c be l(29). Let q(x) = x**3 - 4*x**2 - 4. What is the remainder when 12/20 - c/90*-3 is divided by q(5)?
20
Let l(t) = -2*t + 350. Let f be l(19). Suppose 22*k + 4*k = f. Calculate the remainder when 33 is divided by k.
9
Let k(t) = -8*t**3 - t**2 - t. What is the remainder when k(-3) is divided by ((-837)/27)/(-93)*159?
51
Suppose -17 = 2*k + 5*x, -4 + 10 = -k - 5*x. Calculate the remainder when 18/5 - ((-132)/(-30))/k is divided by 4 - 3/(3 - 0).
1
Let f(c) = 3*c**2 - 17*c + 13 + 5*c + 0*c - 19. Calculate the remainder when f(10) is divided by 2 - 0 - (-38 - 4).
42
Let l(x) = -58*x + 2913. Calculate the remainder when l(44) is divided by 31.
20
Suppose -114 = -2*v + 2. Suppose 3*s + 1 = -14, p - v = -s. Let x = 669 + -665. What is the remainder when p is divided by x?
3
Let m(c) = -7*c**2 - 62*c + 26. What is the remainder when 1546 is divided by m(-9)?
16
Suppose -37*r = -40*r + 303. Let k = r + -83. Suppose 0*y + 2*t + 32 = 3*y, 4*y = t + 36. Calculate the remainder when k is divided by y.
2
Suppose 4*a - 26425 = -3*w, 2126 + 6638 = w - 5*a. Calculate the remainder when w is divided by 11.
10
Suppose 0 = 26*z - 25*z + 2, 0 = t + 3*z + 6. Suppose t = 2196*f - 2194*f - 12. What is the remainder when 34 is divided by f?
4
Suppose 204 = -5*d + 4*o + 269, -2*d + 5*o + 26 = 0. Calculate the remainder when 499 is divided by d.
5
Calculate the remainder when (-2)/(-14) - (196192/(-126) - 2/(-9)) is divided by 39.
36
Let o = -46 + -47. Let g = o - -213. Suppose 103 = 5*i + 5*h - 202, 4*h - g = -2*i. Calculate the remainder when i is divided by 13.
10
Let d = 0 - -14. Let a = -6 + d. Calculate the remainder when 260/80*4 - -24 is divided by a.
5
Suppose 26 = -2*u + 36. What is the remainder when 109 is divided by 3/u - (-13593)/345?
29
Let f(u) = -u**2 - 21*u + 27. What is the remainder when f(-16) is divided by -93 - -108 - (0 - -5)?
7
Suppose 465 = -0*r + 3*r. Suppose 78 = -31*z + 34*z. What is the remainder when r is divided by z?
25
Let d be -98 - (2/(-3))/((-64)/(-480)). What is the remainder when 119 is divided by ((d/2)/1)/(21/(-28))?
57
Let d(r) = -r**2 + 25*r + 3. Suppose -4*j + 2*c = -648, -5*j + 770 = -5*c - 50. What is the remainder when j is divided by d(24)?
25
Let g(c) = 8 - 44*c + 28 + 23*c + 22*c + 19*c. Calculate the remainder when g(5) is divided by 46.
44
Suppose -3*j = -q + 37 - 1264, -3*q = -4*j + 1626. What is the remainder when j is divided by 82?
1
Let a = 16921 + -16808. Calculate the remainder when a is divided by 26.
9
Let g(x) = x**2 + 3*x - 23. Let q be g(-7). Let l = 10 - 6. Calculate the remainder when l is divided by -2 - (2/q - (-110)/(-25)).
0
Suppose 115250 = 12*q + 145*q - 227481. What is the remainder when q is divided by 14?
13
Let d(s) = -2*s**3 + 28*s**2 + 540*s - 21. Calculate the remainder when d(-12) is divided by 416.
155
What is the remainder when (-30 + 6749)/(-1 - (-12)/8) is divided by 96?
94
Suppose -412 = 102*v - 106*v. Calculate the remainder when (v/6)/(18/108) is divided by 26.
25
Calculate the remainder when 2279 is divided by (-22)/(-528)*-6*-40.
9
Suppose 0 = -5*r + 4*n + 3730, -11*r - 722 = -12*r - 4*n. Let x = r + -729. Calculate the remainder when 75 + -2 - 2/(-2) is divided by x.
9
Calculate the remainder when 12/2 + 1*5 + 27 + 220 is divided by 20.
18
Let k = -816 + 2041. Suppose k - 3 = 26*h. Calculate the remainder when h is divided by -1 + 0 + 2 + 16.
13
Let b = -3700 - -3737. Calculate the remainder when 1035 is divided by b.
36
Suppose -j + 10796 = -n, -27*n = -23*n - 4. Calculate the remainder when j is divided by 30.
27
Suppose -2*v + 23 + 15 = 0. Suppose 0 = 3*x + 7*x + 130. Let q = 49 + x. Calculate the remainder when q is divided by v.
17
Let t(d) = 3731*d**3 + 10*d - 9. Calculate the remainder when t(1) is divided by 42.
36
Let l = -1278 - -1303. Calculate the remainder when 93 is divided by l.
18
Let j = 8 - 3. Suppose h = q + 6, -50 + 14 = j*q + h. What is the remainder when (-2)/q - (-1496)/154 is divided by 6?
4
Suppose -5*a - 548 - 87 = 0. Calculate the remainder when 318 is divided by 64/256 + a/(-4).
30
Let p = -72050 + 72107. Let n = -1 - -11. What is the remainder when p is divided by n?
7
Let s = -56 - -61. Suppose s*l = -z - 9, -5*l - 1 = 2*z + 12. Let x(c) = -8*c - 2. What is the remainder when x(z) is divided by 11?
8
Let m = -5 - -13. Let c(v) = 13*v - 32. Let y be c(m). Let s = -63 + y. Calculate the remainder when 24 is divided by s.
6
Suppose -3*r = 5*d - 331, 3*r - 216*d + 213*d - 339 = 0. What is the remainder when r is divided by 16?
0
Suppose -17*w - 85 + 85 = 0. Suppose 7*b + 70 - 420 = w. What is the remainder when 496 is divided by b?
46
Suppose 11*v - 25668 = -32*v - 3*v. Calculate the remainder when v is divided by 444.
114
Suppose 10*b = 4*b + 17*b. Let s(q) = -q**3 + 3*q**2 + 72. Calculate the remainder when 153 is divided by s(b).
9
What is the remainder when 2530 is divided by (-6)/18*6 - 3 - -216?
209
Let j(r) = r**3 + 7*r**2 - 12*r - 23. Let t be j(-8). What is the remainder when ((-52)/(-3))/(6/t) is divided by 10?
6
Let y(v) = -v**3 + 14*v**2 + 13*v + 152. Calculate the remainder when 324 is divided by y(15).
80
Let s = -259 - -107. Let i = -134 - s. What is the remainder when i is divided by 6?
0
Let p(w) = -w**3 - 20*w**2 - 2*w - 12. Let h be (60/35)/((-4)/(-742)). What is the remainder when (-24)/18*h/(-8) is divided by p(-20)?
25
Let x = 45 - 57. Let b be 123/(x/(-4)) + 2. Let a = b - 19. What is the remainder when a is divided by 14?
10
Suppose -8150 - 3074 = -61*f. Calculate the remainder when 586 is divided by f.
34
Let y(h) = 2*h - 36. Let i be y(19). Suppose -2 = f + 3*m - 1, i*f = 3*m + 25. What is the remainder when f + 111 - (0 + 5) is divided by 39?
36
Let r = -182 + 200. Let i = r + 27. Calculate the remainder when 134 is divided by i.
44
Let g(t) = -2*t**3 - 46*t**2 - 3*t - 62. What is the remainder when -92*(3/(-2))/1 is divided by g(-23)?
5
Suppose -2*i + 2429 = -5*y, 0 = -79*i + 76*i - 5*y + 3656. Calculate the r